{"id":18059,"date":"2024-06-05T12:19:09","date_gmt":"2024-06-05T12:19:09","guid":{"rendered":"https:\/\/beta.itourriviera.it\/qui-nous-sommes\/"},"modified":"2024-06-05T12:19:11","modified_gmt":"2024-06-05T12:19:11","slug":"qui-nous-sommes","status":"publish","type":"page","link":"https:\/\/itourriviera.it\/fr\/qui-nous-sommes\/","title":{"rendered":"Qui nous sommes"},"content":{"rendered":"<p>[et_pb_section fb_built=\u00a0\u00bb1&Prime; theme_builder_area=\u00a0\u00bbpost_content\u00a0\u00bb _builder_version=\u00a0\u00bb4.25.1&Prime; _module_preset=\u00a0\u00bbdefault\u00a0\u00bb][et_pb_row _builder_version=\u00a0\u00bb4.25.1&Prime; _module_preset=\u00a0\u00bbdefault\u00a0\u00bb theme_builder_area=\u00a0\u00bbpost_content\u00a0\u00bb][et_pb_column _builder_version=\u00a0\u00bb4.25.1&Prime; _module_preset=\u00a0\u00bbdefault\u00a0\u00bb type=\u00a0\u00bb4_4&Prime; theme_builder_area=\u00a0\u00bbpost_content\u00a0\u00bb][et_pb_text _builder_version=\u00a0\u00bb4.25.1&Prime; _module_preset=\u00a0\u00bbdefault\u00a0\u00bb theme_builder_area=\u00a0\u00bbpost_content\u00a0\u00bb hover_enabled=\u00a0\u00bb0&Prime; sticky_enabled=\u00a0\u00bb0&Prime;]<\/p>\n<h2>Notre soci\u00e9t\u00e9 de gestion de destinations op\u00e8re depuis 2001 dans le secteur r\u00e9ceptif en Italie, dans le sud de la France et dans la Principaut\u00e9 de Monaco.\u00a0<\/h2>\n<h2>Nous sommes \u00e0 votre disposition pour g\u00e9rer l&rsquo;ensemble des services li\u00e9s \u00e0 l&rsquo;organisation de voyages individuels et de groupes, de r\u00e9unions et congr\u00e8s d&rsquo;entreprises et d&rsquo;\u00e9v\u00e9nements sportifs et de mariages.<\/h2>\n<p>[\/et_pb_text][\/et_pb_column][\/et_pb_row][et_pb_row _builder_version=\u00a0\u00bb4.25.1&Prime; _module_preset=\u00a0\u00bbdefault\u00a0\u00bb column_structure=\u00a0\u00bb1_2,1_2&Prime; theme_builder_area=\u00a0\u00bbpost_content\u00a0\u00bb][et_pb_column _builder_version=\u00a0\u00bb4.25.1&Prime; _module_preset=\u00a0\u00bbdefault\u00a0\u00bb type=\u00a0\u00bb1_2&Prime; theme_builder_area=\u00a0\u00bbpost_content\u00a0\u00bb][et_pb_text _builder_version=\u00a0\u00bb4.25.1&Prime; _module_preset=\u00a0\u00bbdefault\u00a0\u00bb theme_builder_area=\u00a0\u00bbpost_content\u00a0\u00bb hover_enabled=\u00a0\u00bb0&Prime; sticky_enabled=\u00a0\u00bb0&Prime;]<\/p>\n<p><strong>Nous sommes sp\u00e9cialis\u00e9s dans les rivieras italiennes et fran\u00e7aises, dont nous connaissons tous les secrets !<\/strong><\/p>\n<p>Il existe de nombreuses raisons d&rsquo;organiser un voyage en Ligurie et sur la C\u00f4te d&rsquo;Azur : la douceur du climat, les jardins botaniques et les fleurs de la Riviera, les tr\u00e9sors \u0153nogastronomiques et les parfums de l&rsquo;arri\u00e8re-pays, la mondanit\u00e9 des stations baln\u00e9aires les plus c\u00e9l\u00e8bres, ainsi qu&rsquo;une gamme de services de premier ordre : h\u00f4tels, restaurants, mus\u00e9es, caves \u00e0 vin et moulins \u00e0 huile.<\/p>\n<p><strong>Notre point fort est de ne proposer que le territoire o\u00f9 nous vivons. La valeur ajout\u00e9e de notre service est notre exp\u00e9rience de plusieurs d\u00e9cennies dans l&rsquo;accueil des touristes du monde entier sur notre territoire.<\/strong><\/p>\n<p>[\/et_pb_text][\/et_pb_column][et_pb_column _builder_version=\u00a0\u00bb4.25.1&Prime; _module_preset=\u00a0\u00bbdefault\u00a0\u00bb type=\u00a0\u00bb1_2&Prime; theme_builder_area=\u00a0\u00bbpost_content\u00a0\u00bb][et_pb_blurb _builder_version=\u00a0\u00bb4.25.1&Prime; _module_preset=\u00a0\u00bbdefault\u00a0\u00bb theme_builder_area=\u00a0\u00bbpost_content\u00a0\u00bb title=\u00a0\u00bbDES VOYAGES ORGANIS\u00c9S SUR MESURE POUR LES PARTICULIERS ET LES GROUPES\u00a0\u00bb use_icon=\u00a0\u00bbon\u00a0\u00bb font_icon=\u00a0\u00bb&#xf101;||fa||900&Prime; hover_enabled=\u00a0\u00bb0&Prime; sticky_enabled=\u00a0\u00bb0&Prime; icon_placement=\u00a0\u00bbleft\u00a0\u00bb image_icon_width=\u00a0\u00bb40px\u00a0\u00bb][\/et_pb_blurb][et_pb_blurb _builder_version=\u00a0\u00bb4.25.1&Prime; _module_preset=\u00a0\u00bbdefault\u00a0\u00bb theme_builder_area=\u00a0\u00bbpost_content\u00a0\u00bb title=\u00a0\u00bbORGANISATION DE R\u00c9UNIONS ET DE CONGR\u00c8S D&apos;ENTREPRISE, D&apos;INCENTIVES ET DE TEAM BULDINGS\u00a0\u00bb use_icon=\u00a0\u00bbon\u00a0\u00bb font_icon=\u00a0\u00bb&#xf101;||fa||900&Prime; hover_enabled=\u00a0\u00bb0&Prime; sticky_enabled=\u00a0\u00bb0&Prime; icon_placement=\u00a0\u00bbleft\u00a0\u00bb image_icon_width=\u00a0\u00bb40px\u00a0\u00bb][\/et_pb_blurb][et_pb_blurb _builder_version=\u00a0\u00bb4.25.1&Prime; _module_preset=\u00a0\u00bbdefault\u00a0\u00bb theme_builder_area=\u00a0\u00bbpost_content\u00a0\u00bb title=\u00a0\u00bbORGANISATEUR DE MARIAGES ET D&apos;\u00c9V\u00c9NEMENTS\u00a0\u00bb use_icon=\u00a0\u00bbon\u00a0\u00bb font_icon=\u00a0\u00bb&#xf101;||fa||900&Prime; hover_enabled=\u00a0\u00bb0&Prime; sticky_enabled=\u00a0\u00bb0&Prime; icon_placement=\u00a0\u00bbleft\u00a0\u00bb image_icon_width=\u00a0\u00bb40px\u00a0\u00bb][\/et_pb_blurb][et_pb_blurb _builder_version=\u00a0\u00bb4.25.1&Prime; _module_preset=\u00a0\u00bbdefault\u00a0\u00bb theme_builder_area=\u00a0\u00bbpost_content\u00a0\u00bb title=\u00a0\u00bbL&apos;ORGANISATION D&apos;\u00c9V\u00c9NEMENTS SPORTIFS\u00a0\u00bb use_icon=\u00a0\u00bbon\u00a0\u00bb font_icon=\u00a0\u00bb&#xf101;||fa||900&Prime; hover_enabled=\u00a0\u00bb0&Prime; sticky_enabled=\u00a0\u00bb0&Prime; icon_placement=\u00a0\u00bbleft\u00a0\u00bb image_icon_width=\u00a0\u00bb40px\u00a0\u00bb][\/et_pb_blurb][\/et_pb_column][\/et_pb_row][et_pb_row _builder_version=\u00a0\u00bb4.25.1&Prime; _module_preset=\u00a0\u00bbdefault\u00a0\u00bb theme_builder_area=\u00a0\u00bbpost_content\u00a0\u00bb][et_pb_column _builder_version=\u00a0\u00bb4.25.1&Prime; _module_preset=\u00a0\u00bbdefault\u00a0\u00bb type=\u00a0\u00bb4_4&Prime; theme_builder_area=\u00a0\u00bbpost_content\u00a0\u00bb][\/et_pb_column][\/et_pb_row][et_pb_row _builder_version=\u00a0\u00bb4.25.1&Prime; _module_preset=\u00a0\u00bbdefault\u00a0\u00bb theme_builder_area=\u00a0\u00bbpost_content\u00a0\u00bb][et_pb_column _builder_version=\u00a0\u00bb4.25.1&Prime; _module_preset=\u00a0\u00bbdefault\u00a0\u00bb type=\u00a0\u00bb4_4&Prime; theme_builder_area=\u00a0\u00bbpost_content\u00a0\u00bb][et_pb_text _builder_version=\u00a0\u00bb4.25.1&Prime; _module_preset=\u00a0\u00bbdefault\u00a0\u00bb theme_builder_area=\u00a0\u00bbpost_content\u00a0\u00bb hover_enabled=\u00a0\u00bb0&Prime; sticky_enabled=\u00a0\u00bb0&Prime;]<\/p>\n<h2>Notre sp\u00e9cialisation n&rsquo;est pas un segment de march\u00e9 sp\u00e9cifique, mais une destination allant de la Ligurie au Pi\u00e9mont, de Monaco et de la C\u00f4te d&rsquo;Azur \u00e0 la Provence.<\/h2>\n<p>[\/et_pb_text][\/et_pb_column][\/et_pb_row][et_pb_row _builder_version=\u00a0\u00bb4.25.1&Prime; _module_preset=\u00a0\u00bbdefault\u00a0\u00bb column_structure=\u00a0\u00bb1_5,1_5,1_5,1_5,1_5&Prime; theme_builder_area=\u00a0\u00bbpost_content\u00a0\u00bb][et_pb_column _builder_version=\u00a0\u00bb4.25.1&Prime; _module_preset=\u00a0\u00bbdefault\u00a0\u00bb type=\u00a0\u00bb1_5&Prime; theme_builder_area=\u00a0\u00bbpost_content\u00a0\u00bb][et_pb_blurb _builder_version=\u00a0\u00bb4.25.1&Prime; _module_preset=\u00a0\u00bbdefault\u00a0\u00bb theme_builder_area=\u00a0\u00bbpost_content\u00a0\u00bb hover_enabled=\u00a0\u00bb0&Prime; sticky_enabled=\u00a0\u00bb0&Prime; title=\u00a0\u00bbLIGURIE\u00a0\u00bb use_icon=\u00a0\u00bbon\u00a0\u00bb font_icon=\u00a0\u00bb&#xf3c5;||fa||900&Prime; image_icon_width=\u00a0\u00bb40px\u00a0\u00bb text_orientation=\u00a0\u00bbcenter\u00a0\u00bb][\/et_pb_blurb][\/et_pb_column][et_pb_column _builder_version=\u00a0\u00bb4.25.1&Prime; _module_preset=\u00a0\u00bbdefault\u00a0\u00bb type=\u00a0\u00bb1_5&Prime; theme_builder_area=\u00a0\u00bbpost_content\u00a0\u00bb][et_pb_blurb _builder_version=\u00a0\u00bb4.25.1&Prime; _module_preset=\u00a0\u00bbdefault\u00a0\u00bb theme_builder_area=\u00a0\u00bbpost_content\u00a0\u00bb hover_enabled=\u00a0\u00bb0&Prime; sticky_enabled=\u00a0\u00bb0&Prime; title=\u00a0\u00bbPIEDMONT\u00a0\u00bb use_icon=\u00a0\u00bbon\u00a0\u00bb font_icon=\u00a0\u00bb&#xf3c5;||fa||900&Prime; image_icon_width=\u00a0\u00bb40px\u00a0\u00bb text_orientation=\u00a0\u00bbcenter\u00a0\u00bb][\/et_pb_blurb][\/et_pb_column][et_pb_column _builder_version=\u00a0\u00bb4.25.1&Prime; _module_preset=\u00a0\u00bbdefault\u00a0\u00bb type=\u00a0\u00bb1_5&Prime; theme_builder_area=\u00a0\u00bbpost_content\u00a0\u00bb][et_pb_blurb _builder_version=\u00a0\u00bb4.25.1&Prime; _module_preset=\u00a0\u00bbdefault\u00a0\u00bb theme_builder_area=\u00a0\u00bbpost_content\u00a0\u00bb hover_enabled=\u00a0\u00bb0&Prime; sticky_enabled=\u00a0\u00bb0&Prime; title=\u00a0\u00bbPRINCIPAUT\u00c9 DE MONACO\u00a0\u00bb use_icon=\u00a0\u00bbon\u00a0\u00bb font_icon=\u00a0\u00bb&#xf3c5;||fa||900&Prime; image_icon_width=\u00a0\u00bb40px\u00a0\u00bb text_orientation=\u00a0\u00bbcenter\u00a0\u00bb][\/et_pb_blurb][\/et_pb_column][et_pb_column _builder_version=\u00a0\u00bb4.25.1&Prime; _module_preset=\u00a0\u00bbdefault\u00a0\u00bb type=\u00a0\u00bb1_5&Prime; theme_builder_area=\u00a0\u00bbpost_content\u00a0\u00bb][et_pb_blurb _builder_version=\u00a0\u00bb4.25.1&Prime; _module_preset=\u00a0\u00bbdefault\u00a0\u00bb theme_builder_area=\u00a0\u00bbpost_content\u00a0\u00bb hover_enabled=\u00a0\u00bb0&Prime; sticky_enabled=\u00a0\u00bb0&Prime; title=\u00a0\u00bbCOTE D&apos;AZUR\u00a0\u00bb use_icon=\u00a0\u00bbon\u00a0\u00bb font_icon=\u00a0\u00bb&#xf3c5;||fa||900&Prime; image_icon_width=\u00a0\u00bb40px\u00a0\u00bb text_orientation=\u00a0\u00bbcenter\u00a0\u00bb][\/et_pb_blurb][\/et_pb_column][et_pb_column _builder_version=\u00a0\u00bb4.25.1&Prime; _module_preset=\u00a0\u00bbdefault\u00a0\u00bb type=\u00a0\u00bb1_5&Prime; theme_builder_area=\u00a0\u00bbpost_content\u00a0\u00bb][et_pb_blurb _builder_version=\u00a0\u00bb4.25.1&Prime; _module_preset=\u00a0\u00bbdefault\u00a0\u00bb theme_builder_area=\u00a0\u00bbpost_content\u00a0\u00bb hover_enabled=\u00a0\u00bb0&Prime; sticky_enabled=\u00a0\u00bb0&Prime; title=\u00a0\u00bbPROVENCE\u00a0\u00bb use_icon=\u00a0\u00bbon\u00a0\u00bb font_icon=\u00a0\u00bb&#xf3c5;||fa||900&Prime; image_icon_width=\u00a0\u00bb40px\u00a0\u00bb text_orientation=\u00a0\u00bbcenter\u00a0\u00bb][\/et_pb_blurb][\/et_pb_column][\/et_pb_row][\/et_pb_section]<\/p>\n","protected":false},"excerpt":{"rendered":"<p>Notre soci\u00e9t\u00e9 de gestion de destinations op\u00e8re depuis 2001 dans le secteur r\u00e9ceptif en Italie, dans le sud de la France et dans la Principaut\u00e9 de Monaco. <\/p>\n","protected":false},"author":24,"featured_media":18039,"parent":0,"menu_order":0,"comment_status":"closed","ping_status":"closed","template":"","meta":{"_acf_changed":false,"_et_pb_use_builder":"on","_et_pb_old_content":"","_et_gb_content_width":"","footnotes":""},"class_list":["post-18059","page","type-page","status-publish","has-post-thumbnail","hentry"],"acf":[],"psp_head":"<title>Qui nous sommes \u2013 itour RIVIERA |  ITALIAN AND FRENCH RIVIERA DAY TOURS<\/title>\r\n<meta name=\"description\" content=\"[et_pb_section fb_built=&quot;1&quot; theme_builder_area=&quot;post_content&quot; _builder_version=&quot;4.25.1&quot; _module_preset=&quot;default&quot;][et_pb_row _builder_version=&quot;4.25.1&quot; _module_preset=&quot;default&quot; theme_builder_area=&quot;post_content&quot;][et_pb_column _builder_version=&quot;4.\" \/>\r\n<meta name=\"robots\" content=\"index,follow\" \/>\r\n<link rel=\"canonical\" href=\"https:\/\/itourriviera.it\/fr\/qui-nous-sommes\/\" \/>\r\n","_links":{"self":[{"href":"https:\/\/itourriviera.it\/fr\/wp-json\/wp\/v2\/pages\/18059","targetHints":{"allow":["GET"]}}],"collection":[{"href":"https:\/\/itourriviera.it\/fr\/wp-json\/wp\/v2\/pages"}],"about":[{"href":"https:\/\/itourriviera.it\/fr\/wp-json\/wp\/v2\/types\/page"}],"author":[{"embeddable":true,"href":"https:\/\/itourriviera.it\/fr\/wp-json\/wp\/v2\/users\/24"}],"replies":[{"embeddable":true,"href":"https:\/\/itourriviera.it\/fr\/wp-json\/wp\/v2\/comments?post=18059"}],"version-history":[{"count":2,"href":"https:\/\/itourriviera.it\/fr\/wp-json\/wp\/v2\/pages\/18059\/revisions"}],"predecessor-version":[{"id":18061,"href":"https:\/\/itourriviera.it\/fr\/wp-json\/wp\/v2\/pages\/18059\/revisions\/18061"}],"wp:featuredmedia":[{"embeddable":true,"href":"https:\/\/itourriviera.it\/fr\/wp-json\/wp\/v2\/media\/18039"}],"wp:attachment":[{"href":"https:\/\/itourriviera.it\/fr\/wp-json\/wp\/v2\/media?parent=18059"}],"curies":[{"name":"wp","href":"https:\/\/api.w.org\/{rel}","templated":true}]}}

<p>[et_pb_section fb_built= »1&Prime; theme_builder_area= »post_content » _builder_version= »4.25.1&Prime; _module_preset= »default »][et_pb_row _builder_version= »4.25.1&Prime; _module_preset= »default » theme_builder_area= »post_content »][et_pb_column _builder_version= »4.25.1&Prime; _module_preset= »default » type= »4_4&Prime; theme_builder_area= »post_content »][et_pb_text _builder_version= »4.25.1&Prime; _module_preset= »default » theme_builder_area= »post_content » hover_enabled= »0&Prime; sticky_enabled= »0&Prime;]</p>
<h2>Notre société de gestion de destinations opère depuis 2001 dans le secteur réceptif en Italie, dans le sud de la France et dans la Principauté de Monaco. </h2>
<h2>Nous sommes à votre disposition pour gérer l&rsquo;ensemble des services liés à l&rsquo;organisation de voyages individuels et de groupes, de réunions et congrès d&rsquo;entreprises et d&rsquo;événements sportifs et de mariages.</h2>
<p>[/et_pb_text][/et_pb_column][/et_pb_row][et_pb_row _builder_version= »4.25.1&Prime; _module_preset= »default » column_structure= »1_2,1_2&Prime; theme_builder_area= »post_content »][et_pb_column _builder_version= »4.25.1&Prime; _module_preset= »default » type= »1_2&Prime; theme_builder_area= »post_content »][et_pb_text _builder_version= »4.25.1&Prime; _module_preset= »default » theme_builder_area= »post_content » hover_enabled= »0&Prime; sticky_enabled= »0&Prime;]</p>
<p><strong>Nous sommes spécialisés dans les rivieras italiennes et françaises, dont nous connaissons tous les secrets !</strong></p>
<p>Il existe de nombreuses raisons d&rsquo;organiser un voyage en Ligurie et sur la Côte d&rsquo;Azur : la douceur du climat, les jardins botaniques et les fleurs de la Riviera, les trésors œnogastronomiques et les parfums de l&rsquo;arrière-pays, la mondanité des stations balnéaires les plus célèbres, ainsi qu&rsquo;une gamme de services de premier ordre : hôtels, restaurants, musées, caves à vin et moulins à huile.</p>
<p><strong>Notre point fort est de ne proposer que le territoire où nous vivons. La valeur ajoutée de notre service est notre expérience de plusieurs décennies dans l&rsquo;accueil des touristes du monde entier sur notre territoire.</strong></p>
<p>[/et_pb_text][/et_pb_column][et_pb_column _builder_version= »4.25.1&Prime; _module_preset= »default » type= »1_2&Prime; theme_builder_area= »post_content »][et_pb_blurb _builder_version= »4.25.1&Prime; _module_preset= »default » theme_builder_area= »post_content » title= »DES VOYAGES ORGANISÉS SUR MESURE POUR LES PARTICULIERS ET LES GROUPES » use_icon= »on » font_icon= »&#xf101;||fa||900&Prime; hover_enabled= »0&Prime; sticky_enabled= »0&Prime; icon_placement= »left » image_icon_width= »40px »][/et_pb_blurb][et_pb_blurb _builder_version= »4.25.1&Prime; _module_preset= »default » theme_builder_area= »post_content » title= »ORGANISATION DE RÉUNIONS ET DE CONGRÈS D&apos;ENTREPRISE, D&apos;INCENTIVES ET DE TEAM BULDINGS » use_icon= »on » font_icon= »&#xf101;||fa||900&Prime; hover_enabled= »0&Prime; sticky_enabled= »0&Prime; icon_placement= »left » image_icon_width= »40px »][/et_pb_blurb][et_pb_blurb _builder_version= »4.25.1&Prime; _module_preset= »default » theme_builder_area= »post_content » title= »ORGANISATEUR DE MARIAGES ET D&apos;ÉVÉNEMENTS » use_icon= »on » font_icon= »&#xf101;||fa||900&Prime; hover_enabled= »0&Prime; sticky_enabled= »0&Prime; icon_placement= »left » image_icon_width= »40px »][/et_pb_blurb][et_pb_blurb _builder_version= »4.25.1&Prime; _module_preset= »default » theme_builder_area= »post_content » title= »L&apos;ORGANISATION D&apos;ÉVÉNEMENTS SPORTIFS » use_icon= »on » font_icon= »&#xf101;||fa||900&Prime; hover_enabled= »0&Prime; sticky_enabled= »0&Prime; icon_placement= »left » image_icon_width= »40px »][/et_pb_blurb][/et_pb_column][/et_pb_row][et_pb_row _builder_version= »4.25.1&Prime; _module_preset= »default » theme_builder_area= »post_content »][et_pb_column _builder_version= »4.25.1&Prime; _module_preset= »default » type= »4_4&Prime; theme_builder_area= »post_content »][/et_pb_column][/et_pb_row][et_pb_row _builder_version= »4.25.1&Prime; _module_preset= »default » theme_builder_area= »post_content »][et_pb_column _builder_version= »4.25.1&Prime; _module_preset= »default » type= »4_4&Prime; theme_builder_area= »post_content »][et_pb_text _builder_version= »4.25.1&Prime; _module_preset= »default » theme_builder_area= »post_content » hover_enabled= »0&Prime; sticky_enabled= »0&Prime;]</p>
<h2>Notre spécialisation n&rsquo;est pas un segment de marché spécifique, mais une destination allant de la Ligurie au Piémont, de Monaco et de la Côte d&rsquo;Azur à la Provence.</h2>
<p>[/et_pb_text][/et_pb_column][/et_pb_row][et_pb_row _builder_version= »4.25.1&Prime; _module_preset= »default » column_structure= »1_5,1_5,1_5,1_5,1_5&Prime; theme_builder_area= »post_content »][et_pb_column _builder_version= »4.25.1&Prime; _module_preset= »default » type= »1_5&Prime; theme_builder_area= »post_content »][et_pb_blurb _builder_version= »4.25.1&Prime; _module_preset= »default » theme_builder_area= »post_content » hover_enabled= »0&Prime; sticky_enabled= »0&Prime; title= »LIGURIE » use_icon= »on » font_icon= »&#xf3c5;||fa||900&Prime; image_icon_width= »40px » text_orientation= »center »][/et_pb_blurb][/et_pb_column][et_pb_column _builder_version= »4.25.1&Prime; _module_preset= »default » type= »1_5&Prime; theme_builder_area= »post_content »][et_pb_blurb _builder_version= »4.25.1&Prime; _module_preset= »default » theme_builder_area= »post_content » hover_enabled= »0&Prime; sticky_enabled= »0&Prime; title= »PIEDMONT » use_icon= »on » font_icon= »&#xf3c5;||fa||900&Prime; image_icon_width= »40px » text_orientation= »center »][/et_pb_blurb][/et_pb_column][et_pb_column _builder_version= »4.25.1&Prime; _module_preset= »default » type= »1_5&Prime; theme_builder_area= »post_content »][et_pb_blurb _builder_version= »4.25.1&Prime; _module_preset= »default » theme_builder_area= »post_content » hover_enabled= »0&Prime; sticky_enabled= »0&Prime; title= »PRINCIPAUTÉ DE MONACO » use_icon= »on » font_icon= »&#xf3c5;||fa||900&Prime; image_icon_width= »40px » text_orientation= »center »][/et_pb_blurb][/et_pb_column][et_pb_column _builder_version= »4.25.1&Prime; _module_preset= »default » type= »1_5&Prime; theme_builder_area= »post_content »][et_pb_blurb _builder_version= »4.25.1&Prime; _module_preset= »default » theme_builder_area= »post_content » hover_enabled= »0&Prime; sticky_enabled= »0&Prime; title= »COTE D&apos;AZUR » use_icon= »on » font_icon= »&#xf3c5;||fa||900&Prime; image_icon_width= »40px » text_orientation= »center »][/et_pb_blurb][/et_pb_column][et_pb_column _builder_version= »4.25.1&Prime; _module_preset= »default » type= »1_5&Prime; theme_builder_area= »post_content »][et_pb_blurb _builder_version= »4.25.1&Prime; _module_preset= »default » theme_builder_area= »post_content » hover_enabled= »0&Prime; sticky_enabled= »0&Prime; title= »PROVENCE » use_icon= »on » font_icon= »&#xf3c5;||fa||900&Prime; image_icon_width= »40px » text_orientation= »center »][/et_pb_blurb][/et_pb_column][/et_pb_row][/et_pb_section]</p>

<p>Notre société de gestion de destinations opère depuis 2001 dans le secteur réceptif en Italie, dans le sud de la France et dans la Principauté de Monaco. </p>
